, 89
List the prime factors of 785535236.
2, 41, 79, 60631
List the prime factors of 426380974.
2, 213190487
What are the prime factors of 152031942?
2, 3, 2153, 3923
What are the prime factors of 2278065497?
2278065497
What are the prime factors of 688978200?
2, 3, 5, 1148297
List the prime factors of 659490886.
2, 37, 61, 146099
List the prime factors of 51343651.
51343651
List the prime factors of 1402600664.
2, 109, 1608487
What are the prime factors of 301544116?
2, 113, 179, 3727
What are the prime factors of 24550857?
3, 303097
What are the prime factors of 48475877?
48475877
What are the prime factors of 17477898?
2, 3, 1009, 2887
List the prime factors of 380269225.
5, 7, 2172967
List the prime factors of 1288839379.
1288839379
What are the prime factors of 2243835072?
2, 3, 131, 227
List the prime factors of 304344265.
5, 7669, 7937
What are the prime factors of 1215317815?
5, 23, 43, 179, 1373
List the prime factors of 456759707.
83, 5503129
What are the prime factors of 4054884818?
2, 2027442409
What are the prime factors of 128726807?
11, 11702437
List the prime factors of 171928602.
2, 3, 3183863
List the prime factors of 25776335.
5, 13, 17, 23327
List the prime factors of 357256625.
5, 11, 259823
What are the prime factors of 757391720?
2, 5, 18934793
List the prime factors of 509317025.
5, 7, 17, 37, 661
List the prime factors of 84438729.
3, 107, 87683
List the prime factors of 16678602.
2, 3, 73, 4231
List the prime factors of 8413372.
2, 11, 17383
What are the prime factors of 810675602?
2, 11, 36848891
What are the prime factors of 4450534522?
2, 7, 269, 1181767
List the prime factors of 971294059.
41, 53, 446983
List the prime factors of 300008599.
11, 1201, 22709
What are the prime factors of 12398005?
5, 1543, 1607
List the prime factors of 159614307.
3, 19, 181, 191
List the prime factors of 243108042.
2, 3, 40518007
List the prime factors of 528544367.
13, 97, 419147
List the prime factors of 545722801.
13, 59, 229, 239
What are the prime factors of 3336314455?
5, 3673, 181667
What are the prime factors of 1756895852?
2, 71, 79, 78307
What are the prime factors of 134875445?
5, 41, 657929
What are the prime factors of 44334883?
173, 251, 1021
What are the prime factors of 184864801?
11, 16805891
What are the prime factors of 758630477?
11, 631, 109297
List the prime factors of 131706203.
103, 1278701
List the prime factors of 74662539.
3, 7, 31, 114689
What are the prime factors of 1072382683?
1072382683
What are the prime factors of 744767534?
2, 7, 53197681
List the prime factors of 1565273673.
3, 337, 172027
List the prime factors of 101646245.
5, 947, 21467
What are the prime factors of 179520114?
2, 3, 29920019
What are the prime factors of 320149374?
2, 3, 23, 263, 8821
What are the prime factors of 862476949?
862476949
List the prime factors of 12067182.
2, 3, 670399
List the prime factors of 587546034.
2, 3, 269, 364031
List the prime factors of 3019269996.
2, 3, 977, 85843
What are the prime factors of 606250556?
2, 19, 47, 89, 1907
List the prime factors of 2960978675.
5, 71, 499, 3343
What are the prime factors of 29015612?
2, 7253903
What are the prime factors of 1208451739?
11, 2819, 38971
List the prime factors of 829364141.
199, 4167659
List the prime factors of 575154398.
2, 7, 13, 67, 101, 467
List the prime factors of 1616764577.
337, 4797521
List the prime factors of 12284681.
139, 88379
List the prime factors of 88304631.
3, 29434877
What are the prime factors of 1231188999?
3, 19, 21599807
What are the prime factors of 112035638?
2, 11, 13, 391733
What are the prime factors of 2892751026?
2, 3, 11, 19, 83, 27793
List the prime factors of 1926505657.
18661, 103237
What are the prime factors of 334828166?
2, 167414083
What are the prime factors of 50501095?
5, 10100219
List the prime factors of 46877679.
3, 71, 73361
List the prime factors of 300328085.
5, 60065617
What are the prime factors of 110242573?
7, 37, 499, 853
What are the prime factors of 323001208?
2, 43, 967, 971
What are the prime factors of 37439787?
3, 7, 11, 61, 2657
List the prime factors of 628062582.
2, 3, 7, 14953871
What are the prime factors of 7109873638?
2, 7, 3163, 22937
What are the prime factors of 6462532385?
5, 1181, 1094417
List the prime factors of 2881779235.
5, 409, 443, 3181
List the prime factors of 95978607.
3, 31992869
List the prime factors of 23718985.
5, 4743797
List the prime factors of 48580087.
48580087
List the prime factors of 162681237.
3, 653, 9227
What are the prime factors of 88285602?
2, 3, 14714267
List the prime factors of 70286018.
2, 11, 271, 11789
List the prime factors of 76461438.
2, 3, 31, 411083
List the prime factors of 440731941.
3, 13, 53, 213223
List the prime factors of 1713753265.
5, 7, 48964379
List the prime factors of 2808778700.
2, 5, 7, 13, 257, 1201
What are the prime factors of 70784157?
3, 29, 821, 991
List the prime factors of 767384160.
2, 3, 5, 19, 84143
What are the prime factors of 30370403?
7, 4338629
What are the prime factors of 276719738?
2, 47, 2943827
What are the prime factors of 90007011?
3, 3333593
List the prime factors of 2814678708.
2, 3, 881, 266239
What are the prime factors of 4881204499?
2857, 1708507
List the prime factors of 509396780.
2, 5, 53, 480563
What are the prime factors of 151427673?
3, 16825297
What are the prime factors of 37148199?
3, 11, 31, 36313
What are the prime factors of 752660482?
2, 7, 17, 367, 1231
List the prime factors of 1081306268.
2, 7, 23, 241, 6967
List the prime factors of 723270420.
2, 3, 5, 23, 174703
List the prime factors of 1172608184.
2, 11, 17, 783829
List the prime factors of 7570754.
2, 541, 6997
What are the prime factors of 15932752?
2, 11, 90527
List the prime factors of 38951202.
2, 3, 6491867
List the prime factors of 608582826.
2, 3, 33810157
What are the prime factors of 40583922?
2, 3, 6763987
List the prime factors of 789784920.
2, 3, 5, 2193847
List the prime factors of 2484885332.
2, 3793, 163781
What are the prime factors of 26268751?
29, 905819
What are the prime factors of 2361222254?
2, 9839, 119993
What are the prime factors of 128275294?
2, 7, 29, 315949
List the prime factors of 3471497022.
2, 3, 7, 157, 75209
List the prime factors of 69437983.
69437983
What are the prime factors of 2540860143?
3, 29, 29205289
List the prime factors of 167269111.
109, 1534579
What are the prime factors of 50894287?
50894287
List the prime factors of 84196720.
2, 5, 1052459
What are the prime factors of 161140863?
3, 13, 47, 87911
List the prime factors of 1016915848.
2, 13, 9778037
What are the prime factors of 2513014673?
13, 439, 440339
What are the prime factors of 267163016?
2, 33395377
List the prime factors of 356339548.
2, 1033, 86239
List the prime factors of 18589937.
18589937
What are the prime factors of 67725746?
2, 11, 59, 52177
What are the prime factors of 91370427?
3, 17, 37, 41, 1181
What are the prime factors of 6939908?
2, 31, 55967
List the prime factors of 1085089691.
7, 89, 271, 6427
What are the prime factors of 452154978?
2, 3, 11, 53, 3917
What are the prime factors of 5457957103?
97, 56267599
List the prime factors of 19838603.
19, 61, 17117
List the prime factors of 1736544492.
2, 3, 17, 2837491
What are the prime factors of 669541874?
2, 19, 109, 1483
List the prime factors of 103587534.
2, 3, 5754863
What are the prime factors of 80424395?
5, 29, 373, 1487
List the prime factors of 2907142580.
2, 5, 179, 812051
What are the prime factors of 2770071717?
3, 7, 113, 1167329
List the prime factors of 97977719.
7, 13996817
What are the prime factors of 774783298?
2, 313, 607, 2039
What are the prime factors of 15602416?
2, 975151
List the prime factors of 2311816681.
997, 2318773
What are the prime factors of 1379177043?
3, 139, 3307379
What are the prime factors of 1086787702?
2, 7, 11, 13, 29, 18719
What are the prime factors of 6990510?
2, 3, 5, 43, 5419
List the prime factors of 42814947.
3, 7, 41, 49727
What are the prime factors of 195987634?
2, 1993, 49169
List the prime factors of 56518535.
5, 29, 389783
List the prime factors of 1855795712.
2, 3624601
List the prime factors of 1515945157.
23, 65910659
What are the prime factors of 201091128?
2, 3, 7, 227, 5273
List the prime 